.
2, 11, 993121
List the prime factors of 37663280.
2, 5, 470791
List the prime factors of 11213836.
2, 29, 96671
What are the prime factors of 456855650?
2, 5, 37, 43, 5743
List the prime factors of 951026497.
30707, 30971
What are the prime factors of 73640719?
17, 79, 54833
What are the prime factors of 936477712?
2, 83, 307, 2297
List the prime factors of 420330432.
2, 3, 2189221
What are the prime factors of 2877213031?
7, 11, 37366403
List the prime factors of 670008048.
2, 3, 13958501
List the prime factors of 550740492.
2, 3, 1999, 2551
What are the prime factors of 727925067?
3, 59, 1370857
List the prime factors of 1247503958.
2, 623751979
What are the prime factors of 1030734422?
2, 515367211
List the prime factors of 363031749.
3, 40336861
List the prime factors of 1127076290.
2, 5, 5801, 19429
List the prime factors of 1665918525.
3, 5, 37, 47, 53, 241
List the prime factors of 28733352.
2, 3, 67, 107, 167
List the prime factors of 157573786.
2, 337, 389, 601
List the prime factors of 544935833.
13, 17, 113, 21821
List the prime factors of 107374164.
2, 3, 139, 64373
List the prime factors of 2570480845.
5, 367, 1400807
What are the prime factors of 15157553?
15157553
What are the prime factors of 155730371?
109, 317, 4507
What are the prime factors of 91523599?
91523599
List the prime factors of 16266523.
7, 13, 178753
What are the prime factors of 80006141?
863, 92707
List the prime factors of 554896597.
23, 24125939
List the prime factors of 830389224.
2, 3, 7, 19, 37, 79, 89
What are the prime factors of 92721172?
2, 41, 71, 7963
What are the prime factors of 3832348211?
43, 89124377
What are the prime factors of 200781695?
5, 40156339
What are the prime factors of 5198048650?
2, 5, 103960973
What are the prime factors of 133117032?
2, 3, 5546543
What are the prime factors of 3038729810?
2, 5, 967, 314243
List the prime factors of 3993575195.
5, 47, 16993937
List the prime factors of 1510561351.
13, 19, 743, 8231
List the prime factors of 1856324644.
2, 541, 857821
List the prime factors of 240091267.
13, 137, 134807
List the prime factors of 124004707.
23, 5391509
What are the prime factors of 52433979?
3, 13, 1344461
What are the prime factors of 50029136?
2, 3126821
List the prime factors of 170401279.
211, 443, 1823
List the prime factors of 3118943416.
2, 37, 284783
What are the prime factors of 2431192726?
2, 1215596363
List the prime factors of 2078961871.
7, 296994553
List the prime factors of 58481975.
5, 661, 3539
What are the prime factors of 1948695089?
11, 223, 794413
What are the prime factors of 2308187000?
2, 5, 7, 73, 4517
List the prime factors of 2756070.
2, 3, 5, 113, 271
List the prime factors of 153781955.
5, 139, 409, 541
List the prime factors of 1338835011.
3, 446278337
List the prime factors of 498805321.
7, 643, 110821
List the prime factors of 477710444.
2, 47, 1069, 2377
List the prime factors of 473660832.
2, 3, 4933967
What are the prime factors of 424195?
5, 43, 1973
What are the prime factors of 782079078?
2, 3, 11, 11849683
What are the prime factors of 25412757?
3, 8470919
List the prime factors of 102743408.
2, 691, 9293
What are the prime factors of 55113376?
2, 19, 90647
List the prime factors of 1097919021.
3, 197, 1857731
What are the prime factors of 3564223651?
54493, 65407
List the prime factors of 58232846.
2, 7, 347, 11987
List the prime factors of 168025464.
2, 3, 773, 3019
What are the prime factors of 1501897946?
2, 17, 2221, 19889
List the prime factors of 2380276235.
5, 59, 277, 29129
What are the prime factors of 1048479714?
2, 3, 6472097
What are the prime factors of 430177819?
430177819
List the prime factors of 2382939.
3, 13, 31, 73
List the prime factors of 566064815.
5, 19, 5958577
What are the prime factors of 312327264?
2, 3, 17, 211, 907
List the prime factors of 162739401.
3, 11, 4931497
What are the prime factors of 214740243?
3, 17, 1403531
What are the prime factors of 243160434?
2, 3, 11, 151, 2711
List the prime factors of 1205332564.
2, 19, 15859639
List the prime factors of 346014520.
2, 5, 97, 257, 347
List the prime factors of 1032891469.
1032891469
What are the prime factors of 299010867?
3, 3433, 29033
List the prime factors of 20853112.
2, 7, 372377
What are the prime factors of 3708590308?
2, 1627, 569851
What are the prime factors of 32606006?
2, 3049, 5347
What are the prime factors of 281508857?
7, 1579, 25469
List the prime factors of 99820731.
3, 33273577
What are the prime factors of 1678506669?
3, 7, 71, 375253
List the prime factors of 297183101.
297183101
What are the prime factors of 241843454?
2, 120921727
List the prime factors of 619404137.
11, 2803, 20089
List the prime factors of 323502424.
2, 7, 29, 6869
What are the prime factors of 5835136?
2, 45587
List the prime factors of 44218208.
2, 1381819
List the prime factors of 662787699.
3, 7, 31561319
What are the prime factors of 36375794?
2, 7, 13, 269, 743
What are the prime factors of 283071264?
2, 3, 7, 89, 4733
What are the prime factors of 785958063?
3, 11, 101, 235811
List the prime factors of 2919288445.
5, 31, 347, 54277
List the prime factors of 3459989288.
2, 7, 37, 1669879
What are the prime factors of 444166810?
2, 5, 44416681
What are the prime factors of 1580201094?
2, 3, 167, 683, 2309
What are the prime factors of 2070446308?
2, 7, 73944511
List the prime factors of 7679901104.
2, 29, 16551511
What are the prime factors of 33627317?
293, 114769
What are the prime factors of 329145207?
3, 109715069
List the prime factors of 283696351.
131, 197, 10993
List the prime factors of 723785788.
2, 11, 139, 118343
List the prime factors of 35366160.
2, 3, 5, 101, 1459
List the prime factors of 6769779.
3, 37, 71, 859
What are the prime factors of 2400038775?
3, 5, 3555613
List the prime factors of 648206133.
3, 193, 1119527
List the prime factors of 6521310596.
2, 41, 107, 371627
List the prime factors of 582831915.
3, 5, 809, 48029
List the prime factors of 341194345.
5, 59, 1156591
List the prime factors of 24338276.
2, 911, 6679
What are the prime factors of 14254738?
2, 17, 211, 1987
List the prime factors of 498836758.
2, 7, 5090171
List the prime factors of 3250237027.
3250237027
What are the prime factors of 2158629008?
2, 41, 3290593
List the prime factors of 178907231.
31, 41, 140761
List the prime factors of 98922317.
13, 43, 271, 653
List the prime factors of 704524352.
2, 7, 31, 7247
List the prime factors of 329261630.
2, 5, 163, 202001
List the prime factors of 40917959.
41, 311, 3209
What are the prime factors of 44675183?
7, 523, 12203
List the prime factors of 6931117899.
3, 770124211
List the prime factors of 17102500.
2, 5, 6841
List the prime factors of 167371996.
2, 11, 43, 88463
What are the prime factors of 106961997?
3, 31, 71, 97, 167
What are the prime factors of 5553812461?
19, 23, 2729, 4657
What are the prime factors of 875319176?
2, 109414897
What are the prime factors of 51631488?
2, 3, 44819
List the prime factors of 336402936.
2, 3, 17, 317
What are the prime factors of 151435854?
2, 3, 29, 290107
List the prime factors of 695622511.
23, 30244457
List the prime factors of 1241911085.
5, 248382217
What are the prime factors of 4614896511?
3, 3449, 16519
What are the prime factors of 1760084263?
7, 491, 1493
List the prime factors of 960271063.
227, 769, 5501
What are the prime factors of 38318535?
3, 5, 19, 14939
List the prime factors of 1294922032.
2, 401, 201827
What are the prime factors of 245733981?
3, 113, 724879
What are the prime factors of 3656015019?
3, 17, 193, 7283
List the prime factors of 905970.
2, 3, 5, 13, 23, 101
List the prime factors of 5180327080.
2, 5, 37, 1009, 3469
List the prime factors of 2643553806.
2, 3, 23, 19156187
What are the prime factors of 3124144992?
2, 3, 32543177
List the prime factors of 1387262616.
2, 3, 2371, 24379
List the prime factors of 52025540.
2, 5, 7, 23, 107, 151
List the prime factors of 327026776.
2, 40878347
List the prime factors of 64695468.
2, 3, 67, 1201
List the prime factors of 639802600.
2, 5, 3199013
What are the prime factors of 400613824?
2, 13, 37039
What are the prime factors of 20257325?
5, 11, 19, 3877
List the prime factors of 207393992.
2, 13, 401, 4973
What are the prime factor